{"id":118,"date":"2020-03-11T22:37:58","date_gmt":"2020-03-11T22:37:58","guid":{"rendered":"https:\/\/tschechinatorin.de\/?page_id=118"},"modified":"2020-05-05T18:19:32","modified_gmt":"2020-05-05T18:19:32","slug":"maerchenkoffer","status":"publish","type":"page","link":"https:\/\/tschechinatorin.de\/index.php\/maerchenkoffer\/","title":{"rendered":"M\u00e4rchenkoffer"},"content":{"rendered":"\n<p style=\"color:#7a5148\" class=\"has-text-color\"><strong>Werte Damen und Herren,<\/strong><br><strong>kommen Sie herbei, wir stellen Ihnen hier, exklusiv, unsere nagelneue&#8230; mit Spa\u00df und Wissen vollgef\u00fcllte&#8230; interkulturelle&#8230; Horizonte erweiternde Auff\u00fchrung vor.<\/strong><\/p>\n\n\n\n<h3 class=\"has-text-color wp-block-heading\" style=\"color:#b71f3b\"><strong>B\u00f6hmisch-Bayerischer M\u00e4rchenkoffer<\/strong> <\/h3>\n\n\n\n<p style=\"color:#7a5148\" class=\"has-text-color\"><strong>Zweisprachige, interaktive Vorstellung f\u00fcr Kinder, Jugendliche<\/strong> <strong>und alle, die die Sprache ihrer Nachbarn lernen wollen.<\/strong><\/p>\n\n\n\n<p style=\"color:#7a5148\" class=\"has-text-color\">Die Auff\u00fchrung ist f\u00fcr:<\/p>\n\n\n\n<ul><li>das tschechische Publikum, das Deutsch als Fremdsprache lernt oder<\/li><li>das deutsche Publikum, das Tschechisch als Fremdsprache lernt oder<\/li><li>das gemischte Publikum \u2013 \u00fcberall, wo Deutsche und Tschechen zusammentreffen.<\/li><\/ul>\n\n\n\n<p style=\"color:#7a5148\" class=\"has-text-color\"><strong>Personen:<\/strong><\/p>\n\n\n\n<p style=\"color:#7a5148\" class=\"has-text-color\">F\u00fcr Bayern<strong> \u2013 Oliver Machander <\/strong>\u2013 M\u00e4rchenerz\u00e4hler,\nSchauspieler und Schriftsteller aus Regensburg in der Oberpfalz (deutscher\nMuttersprachler) und<\/p>\n\n\n\n<p style=\"color:#7a5148\" class=\"has-text-color\">f\u00fcr B\u00f6hmen<strong> \u2013 Sabina Pappenberger \u2013 <\/strong>\u00dcbersetzerin f\u00fcr die tschechische Sprache aus Wunsiedel im Fichtelgebirge (geb. in Tschechien, tsch. Muttersprachlerin)<\/p>\n\n\n\n<p style=\"color:#7a5148\" class=\"has-text-color\">Dauer:&nbsp; 45 oder 60 Min. (je nach Wunsch)<\/p>\n\n\n\n<p style=\"color:#b71f3b\" class=\"has-text-color has-medium-font-size\"><strong>Themen,\nBotschaften und Hintergr\u00fcnde:<\/strong><\/p>\n\n\n\n<p style=\"color:#7a5148\" class=\"has-text-color\">Ein Kennenlernen von Bayern und B\u00f6hmen, repr\u00e4sentiert auf einer Seite von dem bayerischen Schauspieler Oliver und von der \u00dcbersetzerin Sabina aus Tschechien auf der anderen Seite.<br><br>Ein wertvolles Treffen, bei dem beide Seiten sich begegnen und von dem anderen lernen. Die Akteure tauschen ein Volksm\u00e4rchen, somit einen Teil ihres literarischen Kulturerbes aus, indem sie es sich, gegenseitig vorlesen, erz\u00e4hlen und schauspielerisch darstellen. Das Publikum wird dabei mit einbezogen und dadurch selbst ein Teil der Begegnung. Es lernt dabei verschiedene W\u00f6rter und Begriffe in beiden Sprachen und erf\u00e4hrt, dass es in B\u00f6hmen und in Bayern viele Gemeinsamkeiten gibt.<br><br>Der Schl\u00fcssel f\u00fcr die gegenseitige Verst\u00e4ndigung ist die Sprache. Es ist immer eine gro\u00dfe Hilfe die Sprache des Nachbarn zu lernen. Nur dann k\u00f6nnen wir uns austauschen.<br><br>So spiegelt die Handlung die jetzige Realit\u00e4t. Oliver, der M\u00e4rchenerz\u00e4hler, bringt den tschechischen Kindern ein M\u00e4rchen mit, doch bedauerliche Weise spricht er nicht tschechisch. Sabina, die \u00dcbersetzerin, hilft ihm jedoch, indem sie spielerisch Olivers Worte wiederholt. Auf Tschechisch erkl\u00e4rt sie, um was es in seinem M\u00e4rchen geht. Am Ende beschlie\u00dft Oliver, Tschechisch zu lernen und kann sich bereits auf Tschechisch von dem Publikum verabschieden. Dies ist der Handlungsstrang auf tschechischer Seite.<br><br>In Bayern \u00fcberrascht Sabina das Publikum damit, wie fl\u00fcssig sie auch die deutsche Sprache spricht. Gleichzeitig pr\u00e4sentiert sie ein M\u00e4rchen aus ihrer Heimat in ihrer Muttersprache.<br><br>Bei beiden Konzepten werden Wortschatz und Wissen freudvoll vermittelt. Denn alles was man mit Freude lernt und erf\u00e4hrt, verinnerlicht sich intensiv und positiv. Daraus ergibt sich ein\u2026<br><br>Lerneffekt mit Freude und Spa\u00df. Die stetige Wiederholung vieler W\u00f6rter in beiden Sprachen tr\u00e4gt zur Wortschatzerweiterung bei und befestigt das, was die Zuschauer im Fremdsprachenunterricht bereits erlernt haben.<br><br>Die Auff\u00fchrung stellt den oberpf\u00e4lzer Schriftsteller Franz Xaver von Sch\u00f6nwerth (1810-1886) vor. Seine umfassende M\u00e4rchensammlung stellt einen wertvollen Beitrag zur deutschen Literatur des neunzehnten Jahrhunderts dar. Trotzdem ist sein Name in Bayern sowie in Tschechien bisher kaum bekannt. (Nach unserer Meinung zu Unrecht!)<br><br>F\u00fcr die tschechische Seite wird Bo\u017eena N\u011bmcov\u00e1, die ber\u00fchmte tschechische M\u00e4rchensammlerin vorgestellt, die auf deutscher Seite leider vielen noch unbekannt ist. (Dies ebenfalls zu Unrecht!)<br><br>Viele Bayern sprechen und m\u00f6gen Dialekt. Ganz am Rande lernen die tschechischen Kinder, dass es W\u00f6rter gibt, die in der regionaler Alltagssprache h\u00e4ufig verwendet werden, die aber \u201eauf Bayerisch\u201c ganz anders sind als \u201eauf Hochdeutsch\u201c. Bei dem St\u00fcck wird mit Hilfe von zwei W\u00f6rtern auf diese Gegebenheit hingewiesen. Das besondere daran ist, dass die bayerischen Ausdr\u00fccke dem Tschechischen \u00e4hnlicher sind, als die W\u00f6rter in der deutschen Hochsprache. Nat\u00fcrlich werden diese beiden Begriffe auch in Hochdeutsch vermittelt.<\/p>\n\n\n\n<p style=\"color:#7a5148\" class=\"has-text-color\"><em>Die Kinder lernen in der Schule eine Fremdsprache. F\u00fcr manche Sch\u00fcler ist dies sehr schwierig und m\u00fchsam. Daher tut es gut zu wissen, dass es hinter der Staatsgrenze auch<\/em> <em>(nicht nur) viele Kinder gibt, f\u00fcr die es genauso m\u00fchsam ist, die Sprache des Nachbarn zu erlernen.<\/em><\/p>\n\n\n\n<p style=\"color:#b71f3b\" class=\"has-text-color has-medium-font-size\"><strong>Weitere Infos:<\/strong><\/p>\n\n\n\n<p style=\"color:#7a5148\" class=\"has-text-color\">Alle Informationen zum M\u00e4rchenkoffer finden Sie geb\u00fcndelt im folgenden PDF zum kostenlosen Download.<\/p>\n\n\n\n<div class=\"wp-block-file\"><a href=\"https:\/\/tschechinatorin.de\/wp-content\/uploads\/2020\/04\/M\u00e4rchenkoffer-lq.pdf\" class=\"wp-block-file__button\" download>PDF zum Download<\/a><\/div>\n\n\n\n<p style=\"color:#7a5148\" class=\"has-text-color\"><strong>Altersgruppe\/Zielgruppe: <\/strong><br>Das St\u00fcck wurde f\u00fcr die tschechischen Kinder und Jugendliche konzipiert, die Deutsch als Fremdsprache lernen, bzw. f\u00fcr deutsche Sch\u00fcler die Tschechisch lernen.<br><br>Die szenische Erz\u00e4hlung, mit Einsatz von Mimik, Gestik und Requisiten, garantiert allen Zuschauern jeglichen Alters viel Spa\u00df.<\/p>\n\n\n\n<p style=\"color:#7a5148\" class=\"has-text-color\"><strong>Wo:<\/strong><br>Wir sind flexibel. Gerne besuchen wir Ihre Veranstaltung (nach Absprache innen oder au\u00dfen), Ihr Fest oder Festival oder besuchen Sie einfach in Ihrer Schule\/Ihrem Institut.<\/p>\n\n\n\n<p style=\"color:#7a5148\" class=\"has-text-color\">S\u00e4mtliche Technik, B\u00fchnenbild und Equipment bringen wir mit. Der Veranstalter braucht lediglich einen passenden Raum, Strom und Licht zu stellen.<\/p>\n\n\n\n<p style=\"color:#7a5148\" class=\"has-text-color\"><strong>K\u00fcnstlergage\/Anfragen:<\/strong><br>Gerne senden wir Ihnen einen Kostenvoranschlag (abh\u00e4ngig u.a. von der Entfernung des Veranstaltungsortes und der Anzahl der Auff\u00fchrungen).<\/p>\n\n\n\n<p style=\"color:#7a5148\" class=\"has-text-color\"><strong>Unser Tipp:<\/strong><br>Unsere Vorstellung dient dem interkulturellen Austausch, daher ist eine finanzielle F\u00f6rderung m\u00f6glich. Fragen Sie in Ihrem F\u00f6rderinstitut nach bzw. bei Ihrer Gemeinde, ihrem Landratsamt.<br><br>Erz\u00e4hlen Sie Ihren Partnern\/Schulen\/Kulturinstituten usw. von uns. Das Honorar sinkt bei jeder weiteren Auff\u00fchrung in Ihrer Region. Bei mehreren Auftritten (auf Ihrer Veranstaltung oder vor Ort) werden die Allgemeinkosten angepasst und reduziert.<\/p>\n\n\n\n<p style=\"color:#7a5148\" class=\"has-text-color\"><strong>Kontakt:<\/strong><br>Bitte senden Sie uns Ihre Anfragen vorzugsweise per E-Mail:<br><a href=\"mailto:sabina.pappenberger@gmail.com\">sabina.pappenberger@gmail.com<\/a><br><a href=\"mailto:oliver-machander@web.de\">oliver-machander@web.de<\/a><\/p>\n\n\n\n<p style=\"color:#7a5148\" class=\"has-text-color\">Besuchen Sie auch die Webseiten des M\u00e4rchenerz\u00e4hlers:<br><a href=\"http:\/\/www.nanu-maerchen.de\/\">www.nanu-maerchen.de<\/a><\/p>\n\n\n\n<blockquote class=\"wp-block-quote has-text-align-left is-layout-flow wp-block-quote-is-layout-flow\"><p><em>M\u00e4rchen helfen zu tr\u00e4umen.<\/em><br><em>Tr\u00e4ume sind die Samen des Lebens.<\/em><br><em>Lassen Sie uns zusammen<\/em> <em>neue Lebenstr\u00e4ume,<\/em><br><em>h\u00fcben und dr\u00fcben,<\/em> <em>pflanzen.<\/em><\/p><cite> <em>Sabina Pappenberger &amp; Oliver Machander<\/em> <\/cite><\/blockquote>\n\n\n\n<p class=\"has-small-font-size\"><a href=\"https:\/\/tschechinatorin.de\/index.php\/datenschutz\/\" target=\"_blank\" rel=\"noreferrer noopener\">Datenschutzerkl\u00e4rung<\/a><\/p>\n","protected":false},"excerpt":{"rendered":"<p>Werte Damen und Herren,kommen Sie herbei, wir stellen Ihnen hier, exklusiv, unsere nagelneue&#8230; mit Spa\u00df &hellip; <\/p>\n","protected":false},"author":1,"featured_media":131,"parent":0,"menu_order":0,"comment_status":"closed","ping_status":"closed","template":"","meta":{"footnotes":""},"_links":{"self":[{"href":"https:\/\/tschechinatorin.de\/index.php\/wp-json\/wp\/v2\/pages\/118"}],"collection":[{"href":"https:\/\/tschechinatorin.de\/index.php\/wp-json\/wp\/v2\/pages"}],"about":[{"href":"https:\/\/tschechinatorin.de\/index.php\/wp-json\/wp\/v2\/types\/page"}],"author":[{"embeddable":true,"href":"https:\/\/tschechinatorin.de\/index.php\/wp-json\/wp\/v2\/users\/1"}],"replies":[{"embeddable":true,"href":"https:\/\/tschechinatorin.de\/index.php\/wp-json\/wp\/v2\/comments?post=118"}],"version-history":[{"count":18,"href":"https:\/\/tschechinatorin.de\/index.php\/wp-json\/wp\/v2\/pages\/118\/revisions"}],"predecessor-version":[{"id":312,"href":"https:\/\/tschechinatorin.de\/index.php\/wp-json\/wp\/v2\/pages\/118\/revisions\/312"}],"wp:featuredmedia":[{"embeddable":true,"href":"https:\/\/tschechinatorin.de\/index.php\/wp-json\/wp\/v2\/media\/131"}],"wp:attachment":[{"href":"https:\/\/tschechinatorin.de\/index.php\/wp-json\/wp\/v2\/media?parent=118"}],"curies":[{"name":"wp","href":"https:\/\/api.w.org\/{rel}","templated":true}]}}